*b. What is the remainder when u is divided by 3?
2
Let u(x) = -x**3 - 7*x**2 + 8*x + 48. What is the remainder when 90 is divided by u(-8)?
42
Suppose i = -5*p - 4, 0 = -2*i + p - 6 + 42. What is the remainder when 104 is divided by i?
8
Suppose 3*v = 2*v + 10. Let y(c) = 1 + 6*c + 2*c - 2*c + c**3 + c**2 - 4*c. What is the remainder when y(2) is divided by v?
7
Suppose 5*v + 25 = 0, d - 52 = -8*v + 71. What is the remainder when d is divided by 59?
45
Suppose q = 7*q - 810. Suppose -44 = -3*w - 5*t + 33, -4*w + 3*t = -151. What is the remainder when q is divided by w?
33
Let v = -136 + 152. What is the remainder when v is divided by 7?
2
What is the remainder when 48/(-24)*591/(-6) is divided by 8?
5
Suppose 16 = 4*m + 5*k, 5*m - 3*k + 2*k - 20 = 0. Suppose 2*a = -3*a + y + 42, m*y = 4*a - 24. Calculate the remainder when 31 is divided by a.
4
Suppose 0 = c - 2*g - 140 - 63, 5*g - 406 = -2*c. Calculate the remainder when 41 is divided by 2/(-4) + (c/2)/7.
13
Suppose -y - 2*y = -3*c + 6, y + 2 = -3*c. Suppose -125 = -c*z - 5*z. Let r = -1 + 14. What is the remainder when z is divided by r?
12
Suppose 2*s = 2*g + 6, -g + 0 - 11 = -5*s. Calculate the remainder when 15/10*-2 + 57 is divided by s/(-4) - (-29)/2.
12
Suppose 0 = -5*i - 3*h + 540, h = 5*h. What is the remainder when i is divided by 22?
20
Suppose 3*l = 4*x + 177, 4*l + x - 194 = 23. Calculate the remainder when l is divided by 7.
6
Calculate the remainder when -1 + 4/(-3)*24129/(-84) is divided by 35.
32
Suppose 0 = -121*i + 124*i - 63. Suppose -7*z + 2*z - 70 = 0. Let u = z - -22. What is the remainder when i is divided by u?
5
Let g be 41/13 - 8/52 - -89. Suppose 0*b = 4*p + 3*b - g, 4*p = -4*b + 88. Calculate the remainder when p is divided by 14.
12
Let f be 34/((-7)/(35/2)). What is the remainder when 72 is divided by (-1285)/f + 6/(-51)?
12
Let h(n) = n**3 + 2*n**2 - 6*n - 2. What is the remainder when 4/10 + 133/5 is divided by h(-2)?
7
Suppose 3*j = j + 36. What is the remainder when j is divided by 3 - (-126)/(-49) - (-176)/14?
5
Suppose 5*x - 334 - 236 = 0. Let n = x - 64. Calculate the remainder when n is divided by (-2)/(-10) + (-256)/(-20).
11
Let n(w) = 48*w - 243. Calculate the remainder when n(6) is divided by 4.
1
Let u(t) = -t**2 - 4*t - 1. Let s be u(-4). Let o(a) = -42*a - 1. What is the remainder when 162 is divided by o(s)?
39
Suppose 3*p = 2*f - 139, 3*f + 4*p + 82 = 4*f. What is the remainder when f is divided by 13?
10
Let v = -87 - -93. Let u be ((-1)/(-2))/(1/10). Suppose 6*z = 2*z - 20, 0 = u*c - 3*z - 70. Calculate the remainder when c is divided by v.
5
Suppose 0 = 2012*n - 2017*n + 695. What is the remainder when n is divided by 51?
37
Let b(g) = 2*g**2 - 29*g + 16. Let k be b(14). Suppose -5*i = k*s - 227, 0 = -3*i - s + 3*s + 133. What is the remainder when i is divided by 12?
9
Calculate the remainder when 152 is divided by (-1)/(-4) + -4 + 715/20.
24
Calculate the remainder when (-6)/1*((-84)/8 + -1) is divided by 3.
0
Let v be -1 + -1 + -3 + 7. Suppose -5*j - 2*p + 343 = -0*p, 0 = 2*j + 5*p - 133. Calculate the remainder when j is divided by (1/v)/((-2)/(-72)).
15
Let x = -51 + 95. Let w = x + -4. What is the remainder when w is divided by 7?
5
Suppose 5*m + 108 = 4*o, -5*m + 6*m + 70 = 3*o. Calculate the remainder when o is divided by 9.
4
Suppose 3*c = -q + 1 + 7, 0 = -5*q + 5*c. Suppose 0 = -q*s + 12 - 4. Suppose 2*v = -u - 3*v, s*u - v = 105. Calculate the remainder when u is divided by 10.
5
Suppose -6*l + 32 = -2*l. Suppose r - l = -r. Suppose 0 = r*n - 9*n + 50. What is the remainder when 37 is divided by n?
7
Suppose 4*c - 36 = -0*c. What is the remainder when ((-4)/((-4)/c))/3 is divided by 1?
0
Calculate the remainder when 35 is divided by 12/2 + (-40 - -47).
9
Let v = 1137 - 911. What is the remainder when v is divided by 79?
68
Suppose 0 = 4*l - 5*l + 11. What is the remainder when (-2)/(-3 + 31/l) is divided by 6?
5
Let t(n) = n - 29. Let h be t(0). Let i = h + 26. What is the remainder when 23 is divided by 16/(4 - (i + 5))?
7
Let j(l) = 2*l - 15. Let m be j(14). Let y = 13 - m. What is the remainder when 118 is divided by (-2)/10*y + 30?
28
Let f be 1/((-4)/(-6)*6/20). Suppose -w + 28 = -2*v + 10, -4*v + 118 = f*w. What is the remainder when 63 is divided by w?
19
Let f = -51 - 21. Suppose 34 = 2*b - 0. Calculate the remainder when (f/10)/((-72)/480) is divided by b.
14
Calculate the remainder when 598 is divided by (-35)/70 + 50/4.
10
Suppose -9*r + 7*r = -78. What is the remainder when r is divided by 21?
18
Let j(d) = -d**3 + 4*d**2 + 11*d + 2. Let o be j(5). Suppose 2*g + 58 = 6*v - 2*v, -v - 3*g = -o. What is the remainder when 30 is divided by v?
13
Let z be -20*((-9)/(-6) + -2). Let a be (-11 - 1)*z/20. Calculate the remainder when a/8 + (-54)/(-8) is divided by 4.
2
Suppose -2*w - 2*u + 10 = -34, -3*w + 3*u + 36 = 0. Suppose 5*r + 2*k - 13 = -6, 0 = 3*r - 2*k - w. What is the remainder when 15 is divided by r?
0
Suppose -3*s + 180 = 7*s. Calculate the remainder when s is divided by 2.
0
Suppose -7*l + 2*l + 35 = 0. Suppose -85 = -12*c + l*c. Calculate the remainder when 62 is divided by c.
11
Let p = 4 + -8. Let m be 4/(p/(-3)) - 0. Suppose -m*d - 16 = -4*d. What is the remainder when 29 is divided by d?
13
Suppose 7668 = -6*w + 42*w. Calculate the remainder when w is divided by 43.
41
Suppose 250 = 22*j - 168. Suppose 15 = 2*i - d, i + d - 2*d = 10. Calculate the remainder when j is divided by i.
4
Let o(v) = -41*v**3 - 8*v - 6. What is the remainder when o(-1) is divided by 3?
1
Let b = 2 + 9. Calculate the remainder when 26 is divided by b.
4
Let o(v) = -6*v - 149. What is the remainder when 18 is divided by o(-27)?
5
Suppose 4*l + 4 = 12. What is the remainder when 46 is divided by 5/l*320/50?
14
Let h = 712 - 697. What is the remainder when 74 is divided by h?
14
What is the remainder when 334 is divided by 1/4 + 25149/332?
30
Let v be 12/((-6)/4 + 3). Let o(l) = l**2 - 10*l. Let p(z) = -z**2 + 9*z + 1. Let f(m) = -3*o(m) - 4*p(m). Calculate the remainder when 35 is divided by f(v).
11
What is the remainder when 112 is divided by ((-2)/(-6) - 1)/((-34)/1581)?
19
Let h(r) = 3*r**2 - 3*r + 1. Let l be h(2). Let v(a) = -a + 11. What is the remainder when 5 is divided by v(l)?
1
Suppose -2*z + 4*l + 8 = 0, 7*z - 2*z + 3*l = -32. Calculate the remainder when (15/((-45)/24))/(1/z) is divided by 12.
8
Suppose -12 = x - 5*h - 0*h, 0 = 3*h - 9. Suppose 8*o - x*o = -15. Let v = o + 43. Calculate the remainder when v is divided by 21.
19
Suppose -16*b - 29*b = -80190. Calculate the remainder when b is divided by 15.
12
Calculate the remainder when 13/26 + 663/6 is divided by 8.
7
Let x = -587 - -712. What is the remainder when 127 is divided by x?
2
Let y = 49 - 14. Let m = 3 + 45. Suppose -2*d + 27 = 3*z - 5*d, -m = -5*z + 4*d. Calculate the remainder when y is divided by z.
11
Let l = 49 - 69. Let i = l - -53. Calculate the remainder when i is divided by 9.
6
Let z = 12967 + -12955. Let p be 2/6 - (-371)/3. Let w = p + -78. Calculate the remainder when w is divided by z.
10
Suppose 2*q - 18 = 4*i, 0 = 2*i + 6. Calculate the remainder when 70 is divided by q.
1
Suppose j = -2*n + 4*j + 3, n + 4*j - 29 = 0. Let g be 165/25 - (-4)/10. Suppose 0 = 2*y - g*y + 85. Calculate the remainder when y is divided by n.
8
Let q(j) = 10*j - 124. What is the remainder when (4 + -2)*69/2 is divided by q(16)?
33
Suppose 0 = 2*q - 3*q. Suppose 5*o + 3*x + 0*x = 195, -x = q. Let m = 34 - 20. What is the remainder when o is divided by m?
11
Let y be (2 - 2) + -45*1. Let x be (-6)/27 + (-1585)/y. Suppose 2*a - a - x = 0. Calculate the remainder when a is divided by 19.
16
Suppose g - 41 = -h, -12*h = -8*h + 4. What is the remainder when 116 is divided by g?
32
Suppose -5*j + 2*n + 368 = 0, 5*j - 3*n = 472 - 100. Suppose 2*r + 2*w - 60 = 0, j = 3*r - w + 2. Calculate the remainder when 70 is divided by r.
20
Suppose k - 21 = -6*k. Suppose -4*c = -31 + k. Calculate the remainder when 31 is divided by c.
3
Let p = 0 + 48. What is the remainder when p is divided by (-2)/(-8) + (-2856)/(-224)?
9
Let u = -9 + 18. Let v(g) = -3*g**2 - 116 + 103 - 2*g**2 + g**3 - 3*g. Calculate the remainder when u is divided by v(6).
4
Let j = 22 - 2. What is the remai